{"id":8934,"date":"2022-04-19T10:03:30","date_gmt":"2022-04-19T07:03:30","guid":{"rendered":"https:\/\/babycool.ee\/?post_type=product&#038;p=8934"},"modified":"2026-01-28T12:16:10","modified_gmt":"2026-01-28T10:16:10","slug":"sugavkulmutatud-kalkunilihapuree-kuubikud-200g","status":"publish","type":"product","link":"https:\/\/babycool.ee\/eng\/tooted\/sugavkulmutatud-kalkunilihapuree-kuubikud-200g\/","title":{"rendered":"Frozen turkey puree cubes 200g"},"content":{"rendered":"<p>Nutritional value per 100g:<\/p>\n<p>&nbsp;<\/p>\n<table width=\"100%\">\n<tbody>\n<tr>\n<td>Energy<\/td>\n<td>620kJ\/147kcal<\/td>\n<\/tr>\n<tr>\n<td>Fat,<br \/>\nof which saturated fatty acids<\/td>\n<td>2,9g<br \/>\n0,8g<\/td>\n<\/tr>\n<tr>\n<td>Carbohydrates,<br \/>\nof which sugars*<\/td>\n<td>0g<br \/>\n0g<\/td>\n<\/tr>\n<tr>\n<td>Protein<\/td>\n<td>30,1g<\/td>\n<\/tr>\n<tr>\n<td>Sool<\/td>\n<td>0g<\/td>\n<\/tr>\n<\/tbody>\n<\/table>\n<p><strong>Frozen product, store in the freezer. Requires defrosting and heating. After defrosting and heating, consume immediately, do not re-freeze or reheat.<\/strong><\/p>\n<p>This product is gluten and lactose free. May contain smaller pieces. Different BabyCool cubes can be combined.<\/p>\n<p>&nbsp;<\/p>","protected":false},"excerpt":{"rendered":"<p><strong>Frozen turkey puree cubes 200g (baby food 6+ months).<\/strong><\/p>\n<p>&nbsp;<\/p>\n<p><strong>Parim enne kuup\u00e4ev 06.02.2026!<\/strong><\/p>\n<p>&nbsp;<\/p>\n<p>The 200g package contains 11-12 cubes, the average weight of a cube is 16-20g depending on the shape.<\/p>\n<p><strong>Ingretients: organic turkey 80%, water 20%.<\/strong><\/p>\n<p>Raw materials <strong>mahe ja eestimaine! <\/strong><\/p>\n<p><strong>Toode on tunnustatud Eesti Allergialiidu poolt.<\/strong><\/p>","protected":false},"featured_media":8937,"comment_status":"open","ping_status":"closed","template":"","meta":[],"product_brand":[],"product_cat":[48],"product_tag":[],"class_list":{"0":"post-8934","1":"product","2":"type-product","3":"status-publish","4":"has-post-thumbnail","6":"product_cat-6-kuud","8":"first","9":"outofstock","10":"featured","11":"taxable","12":"shipping-taxable","13":"purchasable","14":"product-type-simple"},"yoast_head":"<!-- This site is optimized with the Yoast SEO plugin v27.2 - https:\/\/yoast.com\/product\/yoast-seo-wordpress\/ -->\n<title>S\u00fcgavk\u00fclmutatud kalkunilihap\u00fcree kuubikud 200g - Babycool<\/title>\n<meta name=\"description\" content=\"S\u00fcgavk\u00fclmutatud kalkunilihap\u00fcree kuubikud 200g (beebitoit 6+ kuud). 200g pakendis on 11-12 kuubikut, keskmine kuubiku kaal s\u00f5ltuvalt kujust 16-20g.\" \/>\n<meta name=\"robots\" content=\"index, follow, max-snippet:-1, max-image-preview:large, max-video-preview:-1\" \/>\n<link rel=\"canonical\" href=\"https:\/\/babycool.ee\/eng\/tooted\/sugavkulmutatud-kalkunilihapuree-kuubikud-200g\/\" \/>\n<meta property=\"og:locale\" content=\"en_US\" \/>\n<meta property=\"og:type\" content=\"article\" \/>\n<meta property=\"og:title\" content=\"S\u00fcgavk\u00fclmutatud kalkunilihap\u00fcree kuubikud 200g - Babycool\" \/>\n<meta property=\"og:description\" content=\"S\u00fcgavk\u00fclmutatud kalkunilihap\u00fcree kuubikud 200g (beebitoit 6+ kuud). 200g pakendis on 11-12 kuubikut, keskmine kuubiku kaal s\u00f5ltuvalt kujust 16-20g.\" \/>\n<meta property=\"og:url\" content=\"https:\/\/babycool.ee\/eng\/tooted\/sugavkulmutatud-kalkunilihapuree-kuubikud-200g\/\" \/>\n<meta property=\"og:site_name\" content=\"BabyCool - 100% puhas beebitoit p\u00e4ris loodusest\" \/>\n<meta property=\"article:modified_time\" content=\"2026-01-28T10:16:10+00:00\" \/>\n<meta property=\"og:image\" content=\"https:\/\/babycool.ee\/wp-content\/uploads\/2022\/04\/BabyCool_kalkunilihapuree_kuubikud_200g.jpg\" \/>\n\t<meta property=\"og:image:width\" content=\"1200\" \/>\n\t<meta property=\"og:image:height\" content=\"900\" \/>\n\t<meta property=\"og:image:type\" content=\"image\/jpeg\" \/>\n<meta name=\"twitter:card\" content=\"summary_large_image\" \/>\n<meta name=\"twitter:label1\" content=\"Est. reading time\" \/>\n\t<meta name=\"twitter:data1\" content=\"1 minute\" \/>\n<script type=\"application\/ld+json\" class=\"yoast-schema-graph\">{\"@context\":\"https:\/\/schema.org\",\"@graph\":[{\"@type\":\"WebPage\",\"@id\":\"https:\/\/babycool.ee\/eng\/tooted\/sugavkulmutatud-kalkunilihapuree-kuubikud-200g\/\",\"url\":\"https:\/\/babycool.ee\/eng\/tooted\/sugavkulmutatud-kalkunilihapuree-kuubikud-200g\/\",\"name\":\"S\u00fcgavk\u00fclmutatud kalkunilihap\u00fcree kuubikud 200g - Babycool\",\"isPartOf\":{\"@id\":\"https:\/\/babycool.ee\/eng\/#website\"},\"primaryImageOfPage\":{\"@id\":\"https:\/\/babycool.ee\/eng\/tooted\/sugavkulmutatud-kalkunilihapuree-kuubikud-200g\/#primaryimage\"},\"image\":{\"@id\":\"https:\/\/babycool.ee\/eng\/tooted\/sugavkulmutatud-kalkunilihapuree-kuubikud-200g\/#primaryimage\"},\"thumbnailUrl\":\"https:\/\/babycool.ee\/wp-content\/uploads\/2022\/04\/BabyCool_kalkunilihapuree_kuubikud_200g.jpg\",\"datePublished\":\"2022-04-19T07:03:30+00:00\",\"dateModified\":\"2026-01-28T10:16:10+00:00\",\"description\":\"S\u00fcgavk\u00fclmutatud kalkunilihap\u00fcree kuubikud 200g (beebitoit 6+ kuud). 200g pakendis on 11-12 kuubikut, keskmine kuubiku kaal s\u00f5ltuvalt kujust 16-20g.\",\"breadcrumb\":{\"@id\":\"https:\/\/babycool.ee\/eng\/tooted\/sugavkulmutatud-kalkunilihapuree-kuubikud-200g\/#breadcrumb\"},\"inLanguage\":\"en-US\",\"potentialAction\":[{\"@type\":\"ReadAction\",\"target\":[\"https:\/\/babycool.ee\/eng\/tooted\/sugavkulmutatud-kalkunilihapuree-kuubikud-200g\/\"]}]},{\"@type\":\"ImageObject\",\"inLanguage\":\"en-US\",\"@id\":\"https:\/\/babycool.ee\/eng\/tooted\/sugavkulmutatud-kalkunilihapuree-kuubikud-200g\/#primaryimage\",\"url\":\"https:\/\/babycool.ee\/wp-content\/uploads\/2022\/04\/BabyCool_kalkunilihapuree_kuubikud_200g.jpg\",\"contentUrl\":\"https:\/\/babycool.ee\/wp-content\/uploads\/2022\/04\/BabyCool_kalkunilihapuree_kuubikud_200g.jpg\",\"width\":1200,\"height\":900},{\"@type\":\"BreadcrumbList\",\"@id\":\"https:\/\/babycool.ee\/eng\/tooted\/sugavkulmutatud-kalkunilihapuree-kuubikud-200g\/#breadcrumb\",\"itemListElement\":[{\"@type\":\"ListItem\",\"position\":1,\"name\":\"Home\",\"item\":\"https:\/\/babycool.ee\/eng\/babycool-2\/\"},{\"@type\":\"ListItem\",\"position\":2,\"name\":\"S\u00fcgavk\u00fclmutatud kalkunilihap\u00fcree kuubikud 200g\"}]},{\"@type\":\"WebSite\",\"@id\":\"https:\/\/babycool.ee\/eng\/#website\",\"url\":\"https:\/\/babycool.ee\/eng\/\",\"name\":\"BabyCool - 100% puhas beebitoit p\u00e4ris loodusest\",\"description\":\"J\u00e4rjekordne WordPressi veebileht\",\"publisher\":{\"@id\":\"https:\/\/babycool.ee\/eng\/#organization\"},\"potentialAction\":[{\"@type\":\"SearchAction\",\"target\":{\"@type\":\"EntryPoint\",\"urlTemplate\":\"https:\/\/babycool.ee\/eng\/?s={search_term_string}\"},\"query-input\":{\"@type\":\"PropertyValueSpecification\",\"valueRequired\":true,\"valueName\":\"search_term_string\"}}],\"inLanguage\":\"en-US\"},{\"@type\":\"Organization\",\"@id\":\"https:\/\/babycool.ee\/eng\/#organization\",\"name\":\"Babycool\",\"url\":\"https:\/\/babycool.ee\/eng\/\",\"logo\":{\"@type\":\"ImageObject\",\"inLanguage\":\"en-US\",\"@id\":\"https:\/\/babycool.ee\/eng\/#\/schema\/logo\/image\/\",\"url\":\"https:\/\/babycool.ee\/wp-content\/uploads\/2020\/09\/babycool-ee-logo-1.jpg\",\"contentUrl\":\"https:\/\/babycool.ee\/wp-content\/uploads\/2020\/09\/babycool-ee-logo-1.jpg\",\"width\":200,\"height\":199,\"caption\":\"Babycool\"},\"image\":{\"@id\":\"https:\/\/babycool.ee\/eng\/#\/schema\/logo\/image\/\"}}]}<\/script>\n<!-- \/ Yoast SEO plugin. -->","yoast_head_json":{"title":"S\u00fcgavk\u00fclmutatud kalkunilihap\u00fcree kuubikud 200g - Babycool","description":"S\u00fcgavk\u00fclmutatud kalkunilihap\u00fcree kuubikud 200g (beebitoit 6+ kuud). 200g pakendis on 11-12 kuubikut, keskmine kuubiku kaal s\u00f5ltuvalt kujust 16-20g.","robots":{"index":"index","follow":"follow","max-snippet":"max-snippet:-1","max-image-preview":"max-image-preview:large","max-video-preview":"max-video-preview:-1"},"canonical":"https:\/\/babycool.ee\/eng\/tooted\/sugavkulmutatud-kalkunilihapuree-kuubikud-200g\/","og_locale":"en_US","og_type":"article","og_title":"S\u00fcgavk\u00fclmutatud kalkunilihap\u00fcree kuubikud 200g - Babycool","og_description":"S\u00fcgavk\u00fclmutatud kalkunilihap\u00fcree kuubikud 200g (beebitoit 6+ kuud). 200g pakendis on 11-12 kuubikut, keskmine kuubiku kaal s\u00f5ltuvalt kujust 16-20g.","og_url":"https:\/\/babycool.ee\/eng\/tooted\/sugavkulmutatud-kalkunilihapuree-kuubikud-200g\/","og_site_name":"BabyCool - 100% puhas beebitoit p\u00e4ris loodusest","article_modified_time":"2026-01-28T10:16:10+00:00","og_image":[{"width":1200,"height":900,"url":"https:\/\/babycool.ee\/wp-content\/uploads\/2022\/04\/BabyCool_kalkunilihapuree_kuubikud_200g.jpg","type":"image\/jpeg"}],"twitter_card":"summary_large_image","twitter_misc":{"Est. reading time":"1 minute"},"schema":{"@context":"https:\/\/schema.org","@graph":[{"@type":"WebPage","@id":"https:\/\/babycool.ee\/eng\/tooted\/sugavkulmutatud-kalkunilihapuree-kuubikud-200g\/","url":"https:\/\/babycool.ee\/eng\/tooted\/sugavkulmutatud-kalkunilihapuree-kuubikud-200g\/","name":"S\u00fcgavk\u00fclmutatud kalkunilihap\u00fcree kuubikud 200g - Babycool","isPartOf":{"@id":"https:\/\/babycool.ee\/eng\/#website"},"primaryImageOfPage":{"@id":"https:\/\/babycool.ee\/eng\/tooted\/sugavkulmutatud-kalkunilihapuree-kuubikud-200g\/#primaryimage"},"image":{"@id":"https:\/\/babycool.ee\/eng\/tooted\/sugavkulmutatud-kalkunilihapuree-kuubikud-200g\/#primaryimage"},"thumbnailUrl":"https:\/\/babycool.ee\/wp-content\/uploads\/2022\/04\/BabyCool_kalkunilihapuree_kuubikud_200g.jpg","datePublished":"2022-04-19T07:03:30+00:00","dateModified":"2026-01-28T10:16:10+00:00","description":"S\u00fcgavk\u00fclmutatud kalkunilihap\u00fcree kuubikud 200g (beebitoit 6+ kuud). 200g pakendis on 11-12 kuubikut, keskmine kuubiku kaal s\u00f5ltuvalt kujust 16-20g.","breadcrumb":{"@id":"https:\/\/babycool.ee\/eng\/tooted\/sugavkulmutatud-kalkunilihapuree-kuubikud-200g\/#breadcrumb"},"inLanguage":"en-US","potentialAction":[{"@type":"ReadAction","target":["https:\/\/babycool.ee\/eng\/tooted\/sugavkulmutatud-kalkunilihapuree-kuubikud-200g\/"]}]},{"@type":"ImageObject","inLanguage":"en-US","@id":"https:\/\/babycool.ee\/eng\/tooted\/sugavkulmutatud-kalkunilihapuree-kuubikud-200g\/#primaryimage","url":"https:\/\/babycool.ee\/wp-content\/uploads\/2022\/04\/BabyCool_kalkunilihapuree_kuubikud_200g.jpg","contentUrl":"https:\/\/babycool.ee\/wp-content\/uploads\/2022\/04\/BabyCool_kalkunilihapuree_kuubikud_200g.jpg","width":1200,"height":900},{"@type":"BreadcrumbList","@id":"https:\/\/babycool.ee\/eng\/tooted\/sugavkulmutatud-kalkunilihapuree-kuubikud-200g\/#breadcrumb","itemListElement":[{"@type":"ListItem","position":1,"name":"Home","item":"https:\/\/babycool.ee\/eng\/babycool-2\/"},{"@type":"ListItem","position":2,"name":"S\u00fcgavk\u00fclmutatud kalkunilihap\u00fcree kuubikud 200g"}]},{"@type":"WebSite","@id":"https:\/\/babycool.ee\/eng\/#website","url":"https:\/\/babycool.ee\/eng\/","name":"BabyCool - 100% puhas beebitoit p\u00e4ris loodusest","description":"J\u00e4rjekordne WordPressi veebileht","publisher":{"@id":"https:\/\/babycool.ee\/eng\/#organization"},"potentialAction":[{"@type":"SearchAction","target":{"@type":"EntryPoint","urlTemplate":"https:\/\/babycool.ee\/eng\/?s={search_term_string}"},"query-input":{"@type":"PropertyValueSpecification","valueRequired":true,"valueName":"search_term_string"}}],"inLanguage":"en-US"},{"@type":"Organization","@id":"https:\/\/babycool.ee\/eng\/#organization","name":"Babycool","url":"https:\/\/babycool.ee\/eng\/","logo":{"@type":"ImageObject","inLanguage":"en-US","@id":"https:\/\/babycool.ee\/eng\/#\/schema\/logo\/image\/","url":"https:\/\/babycool.ee\/wp-content\/uploads\/2020\/09\/babycool-ee-logo-1.jpg","contentUrl":"https:\/\/babycool.ee\/wp-content\/uploads\/2020\/09\/babycool-ee-logo-1.jpg","width":200,"height":199,"caption":"Babycool"},"image":{"@id":"https:\/\/babycool.ee\/eng\/#\/schema\/logo\/image\/"}}]}},"_links":{"self":[{"href":"https:\/\/babycool.ee\/eng\/wp-json\/wp\/v2\/product\/8934","targetHints":{"allow":["GET"]}}],"collection":[{"href":"https:\/\/babycool.ee\/eng\/wp-json\/wp\/v2\/product"}],"about":[{"href":"https:\/\/babycool.ee\/eng\/wp-json\/wp\/v2\/types\/product"}],"replies":[{"embeddable":true,"href":"https:\/\/babycool.ee\/eng\/wp-json\/wp\/v2\/comments?post=8934"}],"version-history":[{"count":4,"href":"https:\/\/babycool.ee\/eng\/wp-json\/wp\/v2\/product\/8934\/revisions"}],"predecessor-version":[{"id":732677,"href":"https:\/\/babycool.ee\/eng\/wp-json\/wp\/v2\/product\/8934\/revisions\/732677"}],"wp:featuredmedia":[{"embeddable":true,"href":"https:\/\/babycool.ee\/eng\/wp-json\/wp\/v2\/media\/8937"}],"wp:attachment":[{"href":"https:\/\/babycool.ee\/eng\/wp-json\/wp\/v2\/media?parent=8934"}],"wp:term":[{"taxonomy":"product_brand","embeddable":true,"href":"https:\/\/babycool.ee\/eng\/wp-json\/wp\/v2\/product_brand?post=8934"},{"taxonomy":"product_cat","embeddable":true,"href":"https:\/\/babycool.ee\/eng\/wp-json\/wp\/v2\/product_cat?post=8934"},{"taxonomy":"product_tag","embeddable":true,"href":"https:\/\/babycool.ee\/eng\/wp-json\/wp\/v2\/product_tag?post=8934"}],"curies":[{"name":"wp","href":"https:\/\/api.w.org\/{rel}","templated":true}]}}